 the highest common divisor of 44 and c?
22
Suppose -3*s + s + 132 = 0. Let h(i) = 19*i + 3. Let c be h(1). Calculate the greatest common factor of c and s.
22
Let h be (-4)/(-6)*135/(-7 - -16). What is the highest common factor of h and 5?
5
Suppose 5*h = h + 16. Suppose -2*i + 30 = 4*u, h*i + 4*u = 30 + 22. What is the highest common divisor of i and 11?
11
Let x be (8/(-5))/(2/(-50)). Let a(c) = -c. Let i be a(-5). Suppose 0 = -2*u + 11 + i. Calculate the highest common divisor of x and u.
8
Let b be 112/6*18/12. What is the greatest common divisor of b and 28?
28
Suppose 2*g = 13*g - 693. Let m(x) = -x**3 + 5*x**2 + 7*x + 3. Let j be m(6). What is the greatest common divisor of j and g?
9
Let c(f) = -2*f - 4. Let b be c(-4). Let u be (6/(-4))/(3/b). Let w be 2*3 + 1 - u. What is the greatest common divisor of 72 and w?
9
Let w = 8 + -14. Let m be (-2)/w + 285/9. What is the highest common divisor of m and 8?
8
Suppose 32 = 3*g + x, -g - x + 8 = -0*g. Suppose 26 = 4*b - 22. What is the highest common factor of g and b?
12
Suppose -y = -1 - 4. Suppose -y*x + 1 = -9. Calculate the greatest common divisor of x and 14.
2
Let d(t) = -2*t**2 - 2*t + 3. Let a be d(3). Let z = a + 26. Suppose -5*w + w = 4*x - 104, -2*x + 51 = w. What is the highest common factor of z and x?
5
Suppose 3*j - 117 = 4*n, 2*j = 10*n - 6*n + 78. What is the greatest common factor of 13 and j?
13
Suppose 0*q = q - 4. Suppose 4*f - 124 = l + 3*l, -l - 28 = -q*f. Let x = -22 - l. What is the greatest common divisor of x and 50?
10
Let w = 17 + -3. Suppose 22 = 4*n - w. What is the highest common divisor of n and 63?
9
Let a be (-2)/(3/12*-2). Suppose a*o + 4 = 16. Suppose -t = o*t - 132. Calculate the greatest common factor of t and 3.
3
Let h(o) = -o**2 + 13*o. Let a be h(10). What is the greatest common factor of a and 5?
5
Let d = -31 + 37. What is the highest common divisor of 36 and d?
6
Suppose -w + 5*w = 2*z + 66, -5*z = -15. Suppose -2*b + 2*a = -396, -2*b + 3*a + 354 = -42. Calculate the highest common factor of b and w.
18
Let i be (3 + 30)*2/6. What is the highest common divisor of i and 44?
11
Let z = 136 - 128. Let n(t) = t**3 + t**2 + 16. Let h be n(0). Calculate the highest common divisor of z and h.
8
Suppose 3*m = m + 4. Let w be (-2)/m + 1 + 0. Suppose w = -0*b + 3*b - 2*s - 314, -s = 4*b - 415. Calculate the greatest common factor of b and 13.
13
Let a(x) be the first derivative of -27*x**2/2 + 2*x + 3. Let o be a(-2). Calculate the highest common factor of 8 and o.
8
Let x(i) = 7*i - 8. Let f be x(3). Suppose -p - 19 = -136. Calculate the highest common factor of f and p.
13
Let c = -5 - -8. Calculate the highest common factor of 1 and c.
1
Let l = 16 - 13. Let p be 30/l*(-2)/(-5). What is the highest common divisor of 2 and p?
2
Let c be (2 - (-14)/(-6)) + (-49)/(-3). Calculate the greatest common divisor of c and 128.
16
Let d be 84/(-9)*(-6)/4. What is the greatest common factor of 56 and d?
14
Suppose -3*y = 4*u - 151, -5 - 3 = -2*u. Suppose b - 3*z = y, 5*b = 2*z - 0*z + 186. What is the greatest common divisor of 90 and b?
18
Let m be (-2)/8 + (-242)/(-8). Let i be ((-2)/(-3) + 2/(-12))*12. Calculate the greatest common factor of m and i.
6
Let u(o) = -o**2 - 11*o - 8. Let k be u(-9). Suppose -v = -2*v + 3. Let w = 7 + v. What is the greatest common factor of k and w?
10
Let x = -6 - -7. Let c be x/(-5) + 302/10. Calculate the highest common divisor of 20 and c.
10
Suppose -3*o + 2*h = -59, 0 - 97 = -5*o + 4*h. What is the highest common divisor of 21 and o?
21
Let t be -3 + 2 - (7 + -15). Suppose -4*i + 5 = -t. Suppose 7*s - 60 = 2*s. Calculate the highest common divisor of s and i.
3
Suppose 2*d + 286 = 4*d. What is the greatest common factor of d and 13?
13
Suppose 10*v + 24 = 14*v. Calculate the highest common divisor of 2 and v.
2
Let g = -19 - -19. Suppose -5*d = -g*u + 5*u - 95, 5*u = -2*d + 38. Calculate the highest common factor of d and 133.
19
Let v be (-30)/((-45)/12 + 3). Calculate the greatest common divisor of v and 60.
20
Let g be (0 + 264/(-9))/(1/(-3)). What is the highest common divisor of 22 and g?
22
Let w = 93 + -60. Suppose -2*t + w = -t. Suppose 0*a = -5*x + 2*a + 7, x = -3*a + 15. What is the greatest common divisor of t and x?
3
Let j(l) = -7*l - 10. Let f be j(-10). Calculate the greatest common divisor of 15 and f.
15
Let a(f) = f**2 + 5*f + 7. Let v be a(10). Let j = -94 + v. What is the highest common divisor of j and 7?
7
Let v(p) = 2*p + 12. Let l be v(-5). Suppose -3*z + l*z - 2*k + 8 = 0, 2*k + 52 = 4*z. Calculate the highest common factor of 6 and z.
6
Let z(b) = b**3 + 15*b**2 - 18*b + 7. Let v be z(-16). Suppose 5*w - 61 = -2*h, 8*h - 16 = -2*w + 3*h. What is the highest common factor of v and w?
13
Let w(a) = 5*a - 6. Let o be w(7). Suppose -180*q = -183*q + 348. What is the greatest common factor of o and q?
29
Suppose 2*n - 40 = -0*n. Let u be 444/24 - 1/(-2) - -1. What is the highest common divisor of n and u?
20
Let i be 165/(-10) + (-1)/2. Suppose n + 3*n + 112 = 0. Let g = i - n. Calculate the highest common factor of 11 and g.
11
Let q = 13 + 26. Calculate the highest common divisor of 13 and q.
13
Let d = -34 - -58. What is the highest common factor of 6 and d?
6
Let i(y) = y**3 + 11*y**2 + 9*y - 1. Let h be i(-9). Calculate the highest common divisor of h and 8.
8
Suppose t + t = 32. Suppose -3*y + 4 = -y. Calculate the greatest common divisor of y and t.
2
Let q be 1 - (2 - 6/2). Suppose d = 3, q*h + d = 2 + 3. Let t be ((-18)/24)/(h/(-12)). What is the greatest common divisor of t and 81?
9
Let c = -80 - -91. Calculate the highest common factor of c and 55.
11
Let m be 1/(-2)*(-1 + 1). Suppose -3*n + 84 = p, 5*p = -m*p - 15. Let f = 49 - n. Calculate the greatest common divisor of f and 8.
4
Let u be (-10 - -11)/(2/10). What is the greatest common factor of u and 5?
5
Suppose -122 = -5*y - 4*u, -2*y = -y + 3*u - 20. What is the greatest common factor of 65 and y?
13
Let h = -33 - -56. What is the highest common divisor of h and 23?
23
Let w be (-4 - -1)/(3/(-2)). Let m be 3/w*(1 - -31). Suppose 0 = r + 3*l + l + 10, r - 4*l - 22 = 0. What is the greatest common divisor of r and m?
6
Suppose -3 = -4*n + 5*k, n + k + k - 4 = 0. Let o be (n/(-4))/(1/(-8)). What is the highest common divisor of o and 1?
1
Let t be (-26980)/(-100) + 2/10. What is the highest common factor of t and 54?
54
Let d = 70 - 48. Calculate the greatest common divisor of d and 33.
11
Suppose -4 = f - 3*w + 4, 0 = -2*w + 4. Let d(b) = 4*b**2 + 3*b + 1. Let z be d(f). What is the highest common divisor of z and 99?
11
Suppose 4*o - 52 = 2*w, -4*w + 57 = 4*o + 5. What is the highest common factor of 39 and o?
13
Suppose -1695 = -4*u - 3*c, -u + 5*u + c = 1693. Let m = u - 128. Suppose -m = -2*s - 95. What is the highest common divisor of s and 40?
20
Let c be 3/4*60/(-1). Let a = 105 + c. What is the greatest common factor of a and 12?
12
Suppose 14 = 2*y - 6. Let d be (2/6)/((-2)/(-6)). Let v = 1 + d. Calculate the greatest common divisor of v and y.
2
Let z(k) = 5*k**2 + 2*k - 2. Let b be z(-2). Calculate the highest common factor of b and 154.
14
Let s(r) = r**3 + 5*r**2 - 5*r - 2. Let t be s(-4). Calculate the highest common divisor of 51 and t.
17
Suppose 0 = 6*s - 16 - 122. Suppose 2*g + 2*g - 94 = -t, 365 = 4*t + 5*g. Suppose -v = 21 - t. Calculate the greatest common divisor of v and s.
23
Suppose -3*g - 11 = -2*s, -5*s + 56 = -3*g + 5*g. Let r(l) = l**2 + 12*l - 89. Let a be r(9). What is the greatest common factor of s and a?
10
Let y(v) = 9*v + 3. Let k be y(3). Let r be ((-2)/(-3))/(4/k). Suppose 3*x - i = 2*i + 48, 0 = -r*i - 20. Calculate the highest common divisor of 30 and x.
6
Let q = 0 - -3. Suppose 0 = -p - 3*u, 5*u = -5*p + 7 + q. Suppose 26 = -p*y + 5*y. Calculate the highest common divisor of y and 26.
13
Suppose -4 + 3 = -g. Let b = g - 2. Let f be (9 - b)/(-2 + 3). Calculate the greatest common divisor of 30 and f.
10
Suppose -8 - 88 = -6*h. Calculate the greatest common factor of h and 16.
16
Let g be (8*12/(-9))/((-4)/12). Calculate the greatest common divisor of g and 288.
32
Suppose 2*k = 8 - 0. Let p be 3/k + (-114)/(-8). Calculate the highest common divisor of p and 135.
15
Suppose -4*l = -i + 17, l 